
Suppose 496 = f - 3787. Suppose 251 = -16*b + f. What is the hundreds digit of b?
2
Let l be ((-5)/(-3) - 1)*(-63)/14. What is the hundreds digit of (520/(-16))/(l/24)?
2
Let q(c) = -c**3 - 55*c**2 - 64*c + 1076. What is the thousands digit of q(-59)?
8
Let m be (-9 - -10) + 4 + 0. Suppose h = 2*a - 396, 2 + 8 = -m*h. What is the hundreds digit of a + (-6 - 0)/(-3) + -1?
1
Let y be ((-80)/13)/(-1) - 124/806. Let d(v) = 11*v**2 - 12*v - 1. What is the hundreds digit of d(y)?
3
Let w(p) = p - 6. Let h be w(5). Let a be 108/(-9)*h/2. Suppose -2*m + a*m = 176. What is the tens digit of m?
4
Let d = 642 - 567. Let a = -221 + 352. Let y = a - d. What is the units digit of y?
6
Suppose -5*q - 5*y + 145 = 0, 3*q - q - 4*y - 28 = 0. Suppose 0 = -q*b + 14*b + 13250. What is the tens digit of b?
2
Let c(t) = 2*t**2 + 13*t + 37. Let k be c(-8). Let d = 65 - k. Suppose 26 = -d*v + 46. What is the units digit of v?
5
Let m = -24 + 26. Suppose -2*x + 4*s = -1076, m*x + 0*s = 3*s + 1075. What is the tens digit of x?
3
Let p = 7686 + -4959. What is the units digit of p?
7
Let l(c) = -7*c - 159. Let a be l(-23). Let i(g) = 278*g**2 + g + 4. What is the hundreds digit of i(a)?
1
Suppose 3*j - 31041 = -2*k, -4*k - 2*j = -86094 + 23992. What is the units digit of k?
8
Let a(q) = 2*q**2 - 24*q + 22. Let p(d) be the second derivative of -d**4/12 + 13*d. Let v(f) = -a(f) - p(f). What is the units digit of v(10)?
8
What is the ten thousands digit of 11 - (2604/155)/(6/(-5660))?
1
Let a = 2225 + -1558. Let y = -159 + a. What is the units digit of y?
8
Let y = 45 + -41. Suppose 739 = l + 2*x, -3*x = y*l - 3272 + 336. What is the hundreds digit of l?
7
Suppose 30*o = 62 + 7618. Let r = o - -91. What is the tens digit of r?
4
Let a = 23429 - 18030. What is the hundreds digit of a?
3
Suppose 80 + 100 = 9*s. Let w(a) = 40*a - 18. What is the units digit of w(s)?
2
Let d(f) = 9*f**2 - 629*f + 326. What is the ten thousands digit of d(90)?
1
Let w = -10 + 16. Suppose -4*a + w = -5*a. What is the units digit of 210/27 - -3 - a/27?
1
Suppose 0 = -5*t + 2*y + 65204, 0 = 2*t - 95*y + 93*y - 26090. What is the units digit of t?
8
What is the tens digit of (1261/(-39))/(3/(-45))?
8
Let n = 3334 + 5300. What is the tens digit of n?
3
Let p = 43 + -37. Let m(o) = -8*o + 6. Let w be m(p). Let l = -14 - w. What is the tens digit of l?
2
Suppose -5*b = -0*b - 2965. Suppose s + 2*s = -g + b, 199 = s + g. What is the units digit of s?
7
Let z(n) = n - 13. Let q be z(15). Let m be (-36)/((-1)/1) - q. Suppose 163 = 4*y + 3*t + m, -4*y + 164 = -4*t. What is the tens digit of y?
3
Let m be (660/48)/(2/8). Let h(j) = -j**2 + 10*j - 9. Let n be h(9). Suppose -y - m = -4*c + 282, n = -3*c - 4*y + 229. What is the units digit of c?
3
What is the units digit of (-26128 - 43)/(1 + -2)?
1
Suppose -3*t = 2*u - 0*t + 1063, 4*t = -u - 534. Let v = 1169 + u. What is the hundreds digit of v?
6
Suppose -b = 4*y - 26, 3*y + 2*y + 5*b - 25 = 0. Suppose -i - y = 5*q - 41, 0 = 5*q - 4*i - 14. Let h(c) = 4*c**2 - 4*c - 5. What is the units digit of h(q)?
5
Suppose 5*m - 20 = 2*v + 3*v, 4*m + 4*v - 16 = 0. Let x be -1*(m + -3) + 0. What is the units digit of (x - (-28)/(-12))*-3?
0
Suppose 3*a + 3*t - 60852 = 0, -a - 8*t + 9130 = -11147. What is the ten thousands digit of a?
2
What is the ten thousands digit of (-659*456)/(-8) - (-4 - (-72)/6)?
3
Suppose 0 = -5*v - 150 + 155. Let y(b) = 2 - 25*b + 108*b + 10*b. What is the tens digit of y(v)?
9
Let p be 1*79/(-2)*6. Let y(h) = h**3 - 17*h**2 - 25*h - 15. Let s be y(18). Let i = s - p. What is the units digit of i?
6
Let v(x) be the first derivative of 5*x**3/3 + 7*x**2/2 + 62*x + 117. What is the tens digit of v(11)?
4
Let r(u) be the first derivative of -u**5/5 + u**4/6 + u**3/6 - u**2/2 - 19*u - 26. Let i(x) be the first derivative of r(x). What is the tens digit of i(-3)?
2
Suppose -3*r + 2*o + 52 = 0, -5*r + r = -3*o - 68. Suppose r = -10*d + 15*d. Suppose 74 - 470 = -d*m. What is the tens digit of m?
9
Suppose 5169 - 1077 = -6*b. Let h = -272 - b. What is the tens digit of h?
1
Let m = -252 - -257. Suppose 5*x = -2*w + 4242, m*w - 4*w - 1696 = -2*x. What is the hundreds digit of x?
8
What is the hundreds digit of (-48)/(-7 - -3) + 4000?
0
Let w(h) = -h**3 + 20*h**2 - 10*h + 3. Let i be (1/(-21)*-7)/(2/114). What is the tens digit of w(i)?
7
Suppose 75*t - 71*t = -56. Let m(a) = 4*a**2 - 12 + 12*a - 3*a**2 - 6. What is the units digit of m(t)?
0
Let c = 66 - 31. Let w be (-2)/((-1)/69*42/c). What is the tens digit of ((-6)/10)/(-1 + 0)*w?
6
Let x = -12077 - -22783. What is the units digit of x?
6
Let t(s) = -1. Let h(w) = -2. Let l(d) = 2*h(d) - 3*t(d). Let r(v) = v + 14. Let x(b) = -3*l(b) + r(b). What is the units digit of x(-15)?
2
Suppose -3055 - 6601 = -8*b. Suppose b = 6*g - 203. What is the units digit of (-3)/(-12) - g/(-4)?
9
Let t(i) = -1 + 0 + 0 - 55*i + 53*i - 4. Let c be -4*(-1*1 - -2). What is the units digit of t(c)?
3
Suppose -4*s = 20, 15*b - 30295 = 10*b + 4*s. What is the tens digit of b?
5
Let j(t) = 14*t**2 + 46*t + 854. What is the thousands digit of j(-35)?
6
Suppose 38008 = -32*i + 40*i. What is the hundreds digit of i?
7
Let v(l) = -8*l + 12. Let k(w) = -7*w + 11. Let y(u) = 6*k(u) - 5*v(u). Let o be y(3). Suppose 4*t - 21 - 155 = o. What is the units digit of t?
4
Suppose 1297 = 11*m - 1552. Suppose 0 = 6*t - 5*t + m. Let v = t - -397. What is the hundreds digit of v?
1
What is the hundreds digit of (3*9/27)/(5/99450 + 0)?
8
Suppose 8*b - 37*w + 818 = 10*b, 4*b + 2*w = 1492. What is the units digit of b?
2
Let r be ((-14)/(-6))/(8*(-4)/(-8352)). What is the units digit of (-17 - -11) + r + -1?
2
Let g be (432/(-20))/(((-36)/160)/(-9)). Let h = -472 - g. What is the units digit of h?
2
Let d be 453/3 + 0/2. Let c = -6355 - -6782. Let v = c - d. What is the units digit of v?
6
Suppose 0 = -5*m - 3*d - 372, -8*m + 11*m + 2*d = -223. What is the hundreds digit of -182*((-2)/6 - (-50)/m)?
1
Let m = -618 + 623. Suppose -2*s + 809 = v - 762, 2*s - 1551 = -m*v. What is the tens digit of s?
8
Let x be (2 + 0)*534/12. Let p = 123 + x. Suppose 0 = 5*f - l - 315, 3*f = l - 5*l + p. What is the tens digit of f?
6
Let b(c) = 9409*c**2 + 114*c + 214. What is the tens digit of b(-2)?
2
Suppose 1565 = 5*o - h, -2*o + 626 = 4*h - 5*h. Let w = -106 + o. What is the units digit of w?
7
Let x(f) = 66*f**3 - 66*f**2 - 351*f + 132. Let p(j) = 5*j**3 - 5*j**2 - 27*j + 10. Let b(m) = 27*p(m) - 2*x(m). What is the tens digit of b(7)?
9
Let t = -3018 - -4500. Let y = -870 + t. What is the hundreds digit of y?
6
Let m = -53 + 55. Suppose -4 = -2*q, 1 = m*p - 2*q - 17. Suppose -p*b + 157 = -19. What is the tens digit of b?
1
Let b(j) = 222*j**2 - 164*j + 1795. What is the thousands digit of b(11)?
6
Suppose 5*m - 2*b + 234 = -19, -5*b + 199 = -4*m. Let o = m + 50. What is the units digit of (o - (5 - 1))*(-1008)/20?
2
Let c(u) = -u**3 - 35*u**2 + 69*u - 26. Let p be c(-37). Suppose -n + 41 = -f - 51, 0 = -5*n - 3*f + 444. Let q = p - n. What is the units digit of q?
9
Suppose -33*i + 54 = -15*i. Suppose -5*h + 4*h = 2*n - 297, 0 = -3*h + i*n + 909. What is the units digit of h?
1
Suppose -3*z + 7*z = -2680. Let h be ((-20)/8)/(5/z). Let j = h - 189. What is the hundreds digit of j?
1
Let j = -3153 - -9567. What is the units digit of j?
4
Let u(s) = 57*s**2 - 95*s - 958. What is the tens digit of u(-11)?
8
Let s = -6080 - -44814. What is the hundreds digit of s?
7
Let c be (-1 - -318) + 2*(-2)/4. Let t = 718 - c. What is the tens digit of t?
0
Let f(c) = -4*c**2 + 261*c + 171. What is the units digit of f(42)?
7
Let l = 8707 + -5497. What is the thousands digit of l?
3
Suppose t - 748 = -t. Suppose -4*v + 2*b = 7*b - 748, -2*b = -2*v + t. What is the tens digit of v?
8
Let n = -150637 - -212952. What is the ten thousands digit of n?
6
Suppose 3*v = r - 6*r - 800, -v - 270 = r. Let i be v/(-2)*8/5. Let q = 1 + i. What is the units digit of q?
1
Suppose a - 31330 = -b, 5*b - 3*a = 4*b + 31302. What is the units digit of b?
3
Let j be ((-63)/6 - -5)/((-1)/(-14)). Let h = -72 - j. Suppose -2*w - 8 = 0, -v = -h*v + 2*w + 748. What is the tens digit of v?
8
What is the thousands digit of (-34)/((-1)/1520*8)?
6
Let b = -12163 + 17469. What is the units digit of 